- 249 = -9*z. Let b = z + -82. Suppose q - b = -d - 0*d, -d + 171 = 3*q. Calculate the highest common factor of d and 15.
15
Let t be ((-150)/25)/((-2)/72). What is the highest common factor of t and 81?
27
Suppose 99*h - 94*h = -875. Let n be (-14)/h - (-4115)/125. What is the highest common divisor of 44 and n?
11
Suppose 33*o - 54*o + 947 + 4534 = 0. Calculate the greatest common factor of o and 26883.
261
Let p(q) = -321*q - 1521. Let t be p(-28). What is the greatest common factor of t and 131?
131
Let m = -104 - -255. Let w = m + -73. Suppose 5*s - w - 162 = 0. What is the greatest common factor of 60 and s?
12
Let w = -6367 - -6389. Suppose l - 2*c = -3*l - 100, 4*c = -4*l - 100. Let h be 10/l + w/5. Calculate the highest common divisor of h and 116.
4
Let w be ((-2)/(-3))/((-2)/(-18)). Let x = 2925 - 2877. What is the highest common divisor of w and x?
6
Let k(f) = f**3 + 14*f**2 - 22*f - 3. Let v be k(-15). Calculate the greatest common factor of v and 867.
51
Let w(s) = s**3 - 2*s**2 - 8*s - 3. Let z be w(4). Let g be z/((-36)/(-39) - 1). Calculate the highest common divisor of g and 91.
13
Suppose 2*c = 13 - 1. Let w be c*((-93)/(-6) + -2). Let t(f) = -371*f - 38186. Let i be t(-103). What is the greatest common divisor of i and w?
27
Suppose 481 = 3*f + 3*u - 1982, 0 = -5*f + 5*u + 4135. What is the greatest common factor of f and 256?
8
Let f(h) = 9 + 87*h - 41*h + 16 - 43*h. Let d be f(8). Let o = d + -26. What is the highest common divisor of 23 and o?
23
Suppose -91*g + 96*g - 220 = 0. Let p(h) = 8*h**2 - 10*h + 4. Let n be p(-6). Calculate the greatest common divisor of n and g.
44
Suppose -u = -c + 6, -5*c + 2*u = -4*c - 10. Suppose -c*x - 31 = y - 178, 5*x - y - 378 = 0. Calculate the greatest common divisor of 600 and x.
75
Suppose -4*l + 105 = 5*d - 231, -420 = -5*l + 3*d. What is the greatest common divisor of 1092 and l?
84
Suppose 3*o = 4*p - 104, -5*o - 932 + 932 = 0. Let q = -67 + 193. Suppose -4*g + 646 - q = 0. Calculate the highest common factor of p and g.
26
Let u(x) = x**3 + 13*x**2 - 14*x + 16. Let p be u(-9). Let d = -10 + p. Calculate the highest common factor of d and 57.
57
Suppose -38*p + 16816 + 57550 = 0. Calculate the highest common factor of 19 and p.
19
Let i be (-2)/3 + (-16)/(-6). Let j be (i - 316/(-10))/(30/150). What is the highest common factor of j and 112?
56
Let d be 0 + 3 - -18 - 6. Suppose d*a - 390 = 9*a. What is the greatest common factor of 25 and a?
5
Suppose -4*n + 110 = m, -5*m = -10 + 20. What is the greatest common divisor of n and 17318?
14
Let w = -6670 - -6685. What is the highest common divisor of 215 and w?
5
Let w be (286/(-39))/((-2)/3). Let u = -3 + 7. Suppose -3*o + 77 + 170 = u*d, 2*o + 5*d = 174. What is the greatest common factor of o and w?
11
Let a(p) = 22*p + 159. Let c be a(-7). Suppose 5*s - c*t = 9*s - 141, t = -3. What is the greatest common divisor of s and 39?
39
Let r = 49 + -29. Let m be ((-50)/(-15))/((-4)/6). Let d = r + m. Calculate the highest common divisor of d and 165.
15
Let k be 1/(1 + 1)*144. Let x be 30/6*(-72)/(-20). What is the greatest common divisor of x and k?
18
Let y = -35 + 40. Suppose -3*k + y*k - 5*s - 3889 = 0, -1932 = -k + 5*s. Suppose -10*c = -k + 37. What is the greatest common divisor of 8 and c?
8
Suppose -18540 = -157*p + 139*p. Suppose 0 = f - 5*o - 209, p = 5*f + 5*o + 75. What is the highest common factor of 2 and f?
2
Let l(k) = -11*k - 8. Let w be l(-2). Suppose c + 1456 = w*c. What is the greatest common factor of c and 84?
28
Suppose 61*w + 175 = 68*w. Let n(k) = -38*k - 1. Let s be n(-2). Suppose -q - s = -4*q. What is the highest common divisor of q and w?
25
Let p(a) = a**3 - 24*a**2 + 22*a + 26. Let c be p(23). Let w be 1287/2 + c/2. Calculate the highest common factor of 43 and w.
43
Let r = -221 - -235. Calculate the greatest common factor of 1918 and r.
14
Let m = -1387 + 1437. Calculate the highest common divisor of 4775 and m.
25
Let o(z) = -64*z + 551. Let u be o(6). What is the highest common divisor of u and 1?
1
Suppose 4*i - 190 = -0*b + 2*b, 2*b = i - 52. Let h be 42 - i - (0 - (157 - -1)). Calculate the greatest common factor of 28 and h.
14
Suppose 2*i + 2*i = -4*i + 1176. Calculate the highest common divisor of i and 273.
21
Let z = 5 - -5. Let o be (-4 - -1)/(-1*(-9)/(-12)). Suppose 4*i = b - 14, -o*b - 4*i + 46 = b. What is the highest common factor of b and z?
10
Let d = -776 + 846. Suppose -289*s = -294*s + d. Calculate the greatest common factor of 18 and s.
2
Let r(t) = -t**2 - 10*t - 8. Let o be (5 + 3)/(3/3). Suppose 2*s + o = -6. Let l be r(s). Calculate the greatest common divisor of 143 and l.
13
Let u = -212 - -203. Let r be u*(-372)/45 - (-9)/15. Suppose -2*l = -58 - 2. What is the highest common factor of l and r?
15
Let o be 12/(-2)*(-112)/56. Let m be 10/3*(-18 + -6). Let k be (-3 + (-12)/(-8))*m. What is the highest common divisor of o and k?
12
Suppose 0 = -5*i - 0*v - 2*v + 874, -2*i = v - 349. Let q be (-1978)/(-15) + (-32)/(-240). What is the greatest common factor of q and i?
44
Let l(f) = f**2 - 8*f - 151. Let r be l(-14). Suppose -2*m = -m - 103. Let c = r - m. Calculate the greatest common divisor of c and 6.
6
Let p be (0 + -9)/(42/(-56)). Let g(f) = -5*f - 2. Let q be g(-6). What is the greatest common factor of q and p?
4
Let t be -5 + 62/8 - (-3)/(-4). Suppose 0*z = -2*z - t*s + 130, 2*z - 4*s = 154. What is the greatest common divisor of z and 759?
69
Suppose 1308 = -b - 5*r + 3355, 10235 = 5*b - 5*r. Calculate the highest common factor of 979 and b.
89
Suppose -x - 17 = -5*w, 29*x + 1 = 28*x + w. Suppose -4*p + 4*b + 1300 = 0, -1147 + 202 = -x*p - 3*b. Calculate the greatest common divisor of 32 and p.
32
Let s(y) = -9*y - 42. Let l(f) = -2*f - 28. Let h be l(-7). Let g be s(h). Suppose -25 = -4*r + 59. What is the greatest common factor of r and g?
21
Let w be 728/22 - (2158/(-1430) - 24/(-15)). What is the greatest common factor of w and 506?
11
Let j(f) be the second derivative of -f**4/12 - 7*f**3/3 - 21*f**2/2 + 52*f - 2. Let q be j(-10). Calculate the greatest common factor of 1501 and q.
19
Let q be (-7)/((-21)/(-2))*(-15)/2. Let t(d) = 9*d - 5. Let g be t(q). Let k = -9 + g. What is the highest common divisor of k and 93?
31
Let w = -482 - -522. Suppose -v + 33 = 2*v + 3*j, 0 = -4*v + 5*j + 35. What is the highest common factor of w and v?
10
Suppose -2*v - 101 = 153. Let s = -88 - v. Calculate the greatest common factor of 91 and s.
13
Let j = 2 - -2. Suppose 0*v + 3*l = -j*v + 2844, -5*v + 2*l = -3578. Calculate the highest common divisor of 34 and v.
34
Let q(l) = -106*l - 70. Let o be q(-1). What is the greatest common divisor of o and 13086?
18
Suppose -26*o = -8402 - 1894. What is the highest common factor of 36 and o?
36
Let t be 26 + -28 + (-1)/((-5)/40). Calculate the highest common factor of 6162 and t.
6
Let q = 23724 - 23716. Suppose 32 + 96 = 2*k. What is the greatest common factor of k and q?
8
Let x = -29 + 38. Suppose 10*u - 14 = x*u. Suppose 0*r + r = 98. What is the greatest common factor of u and r?
14
Let b = -6045 - -6378. Calculate the highest common divisor of b and 288.
9
Let y be ((-5152)/40)/(-3 - (-78)/30). Calculate the greatest common divisor of 506 and y.
46
Let p be 62*((-216)/(-48))/(18/8). What is the greatest common divisor of p and 31?
31
Let s(p) = -p**3 - 7*p**2 - 11*p - 24. Let z be (-10)/(-25)*1*-15. Let h be s(z). What is the greatest common divisor of h and 48?
6
Let i = -15051 - -15094. What is the greatest common divisor of i and 61705?
43
Let o(r) = r**3 + 6*r**2 + 7*r + 1. Let b be o(-3). Suppose 0 = -10*u + b + 123. Calculate the greatest common divisor of 52 and u.
13
Suppose -4349*z + 4495*z - 421064 = 0. Calculate the highest common factor of 42 and z.
14
Suppose -4*y = -15*y - 73*y + 9240. Calculate the highest common divisor of 242 and y.
22
Suppose 3*t + d - 726 = 0, 3*t + 3*d - 681 = 33. Calculate the highest common divisor of 4514 and t.
122
Let d = 23 - 19. Suppose d*p + p = 2*c - 24, -p - 16 = -2*c. Calculate the greatest common factor of 28 and c.
7
Let u(f) = -65*f + 14. Let g be u(-2). Calculate the highest common factor of 636 and g.
12
Let q be (-3 - 0)/(42/(-1232)). Suppose k = 2 + q. Calculate the highe